{"id":55,"date":"2023-05-15T19:00:00","date_gmt":"2023-05-15T22:00:00","guid":{"rendered":"https:\/\/skulldesign.com.br\/finaestampa\/?post_type=product&#038;p=55"},"modified":"2023-05-16T12:35:36","modified_gmt":"2023-05-16T15:35:36","slug":"blusa-de-malha-manga-longa-varias-cores","status":"publish","type":"product","link":"https:\/\/skulldesign.com.br\/finaestampa\/produto\/blusa-de-malha-manga-longa-varias-cores\/","title":{"rendered":"Blusa de Malha com Manga Longa &#8211; V\u00e1rias Cores"},"content":{"rendered":"<p>Eleve o seu estilo com esta deslumbrante blusa de malha manga longa. Com um design vers\u00e1til e confort\u00e1vel, esta blusa \u00e9 perfeita para complementar diversos looks e se adequar a diferentes ocasi\u00f5es. O tecido de malha macia e aconchegante proporciona um caimento perfeito, enquanto as mangas longas adicionam eleg\u00e2ncia e prote\u00e7\u00e3o contra o frio. Com detalhes cuidadosamente trabalhados e um corte impec\u00e1vel, esta blusa ir\u00e1 destacar a sua feminilidade e garantir que voc\u00ea esteja sempre na moda. Aproveite a combina\u00e7\u00e3o perfeita entre conforto e estilo com esta incr\u00edvel blusa de malha manga longa.<\/p>\n","protected":false},"excerpt":{"rendered":"<p>Eleve o seu estilo com esta deslumbrante blusa de malha manga longa. Com um design vers\u00e1til e confort\u00e1vel, esta blusa \u00e9 perfeita para complementar diversos looks e se adequar a diferentes ocasi\u00f5es. O tecido de malha macia e aconchegante proporciona um caimento perfeito, enquanto as mangas longas adicionam eleg\u00e2ncia e prote\u00e7\u00e3o contra o frio. Com detalhes cuidadosamente trabalhados e um corte impec\u00e1vel, esta blusa ir\u00e1 destacar a sua feminilidade e garantir que voc\u00ea esteja sempre na moda. Aproveite a combina\u00e7\u00e3o perfeita entre conforto e estilo com esta incr\u00edvel blusa de malha manga longa.<\/p>\n","protected":false},"featured_media":78,"comment_status":"open","ping_status":"closed","template":"","meta":[],"product_cat":[19,41],"product_tag":[],"class_list":["post-55","product","type-product","status-publish","has-post-thumbnail","hentry","product_cat-blusas","product_cat-outono-inverno"],"yoast_head":"<!-- This site is optimized with the Yoast SEO Premium plugin v21.5 (Yoast SEO v21.5) - https:\/\/yoast.com\/wordpress\/plugins\/seo\/ -->\n<title>Blusa de Malha com Manga Longa - V\u00e1rias Cores - Fina Estampa<\/title>\n<meta name=\"robots\" content=\"index, follow, max-snippet:-1, max-image-preview:large, max-video-preview:-1\" \/>\n<link rel=\"canonical\" href=\"https:\/\/skulldesign.com.br\/finaestampa\/produto\/blusa-de-malha-manga-longa-varias-cores\/\" \/>\n<meta property=\"og:locale\" content=\"pt_BR\" \/>\n<meta property=\"og:type\" content=\"article\" \/>\n<meta property=\"og:title\" content=\"Blusa de Malha com Manga Longa - V\u00e1rias Cores\" \/>\n<meta property=\"og:description\" content=\"Eleve o seu estilo com esta deslumbrante blusa de malha manga longa. Com um design vers\u00e1til e confort\u00e1vel, esta blusa \u00e9 perfeita para complementar diversos looks e se adequar a diferentes ocasi\u00f5es. O tecido de malha macia e aconchegante proporciona um caimento perfeito, enquanto as mangas longas adicionam eleg\u00e2ncia e prote\u00e7\u00e3o contra o frio. Com detalhes cuidadosamente trabalhados e um corte impec\u00e1vel, esta blusa ir\u00e1 destacar a sua feminilidade e garantir que voc\u00ea esteja sempre na moda. Aproveite a combina\u00e7\u00e3o perfeita entre conforto e estilo com esta incr\u00edvel blusa de malha manga longa.\" \/>\n<meta property=\"og:url\" content=\"https:\/\/skulldesign.com.br\/finaestampa\/produto\/blusa-de-malha-manga-longa-varias-cores\/\" \/>\n<meta property=\"og:site_name\" content=\"Fina Estampa\" \/>\n<meta property=\"article:modified_time\" content=\"2023-05-16T15:35:36+00:00\" \/>\n<meta property=\"og:image\" content=\"https:\/\/skulldesign.com.br\/finaestampa\/wp-content\/uploads\/2023\/05\/blusa-malha-longa-vermelho-4.webp\" \/>\n\t<meta property=\"og:image:width\" content=\"600\" \/>\n\t<meta property=\"og:image:height\" content=\"799\" \/>\n\t<meta property=\"og:image:type\" content=\"image\/webp\" \/>\n<meta name=\"twitter:card\" content=\"summary_large_image\" \/>\n<meta name=\"twitter:label1\" content=\"Est. tempo de leitura\" \/>\n\t<meta name=\"twitter:data1\" content=\"1 minuto\" \/>\n<script type=\"application\/ld+json\" class=\"yoast-schema-graph\">{\"@context\":\"https:\/\/schema.org\",\"@graph\":[{\"@type\":\"WebPage\",\"@id\":\"https:\/\/skulldesign.com.br\/finaestampa\/produto\/blusa-de-malha-manga-longa-varias-cores\/\",\"url\":\"https:\/\/skulldesign.com.br\/finaestampa\/produto\/blusa-de-malha-manga-longa-varias-cores\/\",\"name\":\"Blusa de Malha com Manga Longa - V\u00e1rias Cores - Fina Estampa\",\"isPartOf\":{\"@id\":\"https:\/\/skulldesign.com.br\/finaestampa\/#website\"},\"datePublished\":\"2023-05-15T22:00:00+00:00\",\"dateModified\":\"2023-05-16T15:35:36+00:00\",\"breadcrumb\":{\"@id\":\"https:\/\/skulldesign.com.br\/finaestampa\/produto\/blusa-de-malha-manga-longa-varias-cores\/#breadcrumb\"},\"inLanguage\":\"pt-BR\",\"potentialAction\":[{\"@type\":\"ReadAction\",\"target\":[\"https:\/\/skulldesign.com.br\/finaestampa\/produto\/blusa-de-malha-manga-longa-varias-cores\/\"]}]},{\"@type\":\"BreadcrumbList\",\"@id\":\"https:\/\/skulldesign.com.br\/finaestampa\/produto\/blusa-de-malha-manga-longa-varias-cores\/#breadcrumb\",\"itemListElement\":[{\"@type\":\"ListItem\",\"position\":1,\"name\":\"In\u00edcio\",\"item\":\"https:\/\/skulldesign.com.br\/finaestampa\/\"},{\"@type\":\"ListItem\",\"position\":2,\"name\":\"Loja\",\"item\":\"https:\/\/skulldesign.com.br\/finaestampa\/loja\/\"},{\"@type\":\"ListItem\",\"position\":3,\"name\":\"Blusa de Malha com Manga Longa &#8211; V\u00e1rias Cores\"}]},{\"@type\":\"WebSite\",\"@id\":\"https:\/\/skulldesign.com.br\/finaestampa\/#website\",\"url\":\"https:\/\/skulldesign.com.br\/finaestampa\/\",\"name\":\"Fina Estampa\",\"description\":\"Fina Estampa Fashion - Descubra a moda que define seu estilo. Encontre roupas elegantes e contempor\u00e2neas, perfeitas para mulheres que apreciam qualidade, conforto e tend\u00eancias atuais. Navegue por nossa ampla sele\u00e7\u00e3o de pe\u00e7as exclusivas e adicione um toque de sofistica\u00e7\u00e3o ao seu guarda-roupa. Seja \u00fanica, seja elegante com Fina Estampa.\",\"publisher\":{\"@id\":\"https:\/\/skulldesign.com.br\/finaestampa\/#organization\"},\"potentialAction\":[{\"@type\":\"SearchAction\",\"target\":{\"@type\":\"EntryPoint\",\"urlTemplate\":\"https:\/\/skulldesign.com.br\/finaestampa\/?s={search_term_string}\"},\"query-input\":\"required name=search_term_string\"}],\"inLanguage\":\"pt-BR\"},{\"@type\":\"Organization\",\"@id\":\"https:\/\/skulldesign.com.br\/finaestampa\/#organization\",\"name\":\"Fina Estampa\",\"url\":\"https:\/\/skulldesign.com.br\/finaestampa\/\",\"logo\":{\"@type\":\"ImageObject\",\"inLanguage\":\"pt-BR\",\"@id\":\"https:\/\/skulldesign.com.br\/finaestampa\/#\/schema\/logo\/image\/\",\"url\":\"https:\/\/skulldesign.com.br\/finaestampa\/wp-content\/uploads\/2023\/05\/logo_finaestampa.webp\",\"contentUrl\":\"https:\/\/skulldesign.com.br\/finaestampa\/wp-content\/uploads\/2023\/05\/logo_finaestampa.webp\",\"width\":525,\"height\":171,\"caption\":\"Fina Estampa\"},\"image\":{\"@id\":\"https:\/\/skulldesign.com.br\/finaestampa\/#\/schema\/logo\/image\/\"}}]}<\/script>\n<!-- \/ Yoast SEO Premium plugin. -->","yoast_head_json":{"title":"Blusa de Malha com Manga Longa - V\u00e1rias Cores - Fina Estampa","robots":{"index":"index","follow":"follow","max-snippet":"max-snippet:-1","max-image-preview":"max-image-preview:large","max-video-preview":"max-video-preview:-1"},"canonical":"https:\/\/skulldesign.com.br\/finaestampa\/produto\/blusa-de-malha-manga-longa-varias-cores\/","og_locale":"pt_BR","og_type":"article","og_title":"Blusa de Malha com Manga Longa - V\u00e1rias Cores","og_description":"Eleve o seu estilo com esta deslumbrante blusa de malha manga longa. Com um design vers\u00e1til e confort\u00e1vel, esta blusa \u00e9 perfeita para complementar diversos looks e se adequar a diferentes ocasi\u00f5es. O tecido de malha macia e aconchegante proporciona um caimento perfeito, enquanto as mangas longas adicionam eleg\u00e2ncia e prote\u00e7\u00e3o contra o frio. Com detalhes cuidadosamente trabalhados e um corte impec\u00e1vel, esta blusa ir\u00e1 destacar a sua feminilidade e garantir que voc\u00ea esteja sempre na moda. Aproveite a combina\u00e7\u00e3o perfeita entre conforto e estilo com esta incr\u00edvel blusa de malha manga longa.","og_url":"https:\/\/skulldesign.com.br\/finaestampa\/produto\/blusa-de-malha-manga-longa-varias-cores\/","og_site_name":"Fina Estampa","article_modified_time":"2023-05-16T15:35:36+00:00","og_image":[{"width":600,"height":799,"url":"https:\/\/skulldesign.com.br\/finaestampa\/wp-content\/uploads\/2023\/05\/blusa-malha-longa-vermelho-4.webp","type":"image\/webp"}],"twitter_card":"summary_large_image","twitter_misc":{"Est. tempo de leitura":"1 minuto"},"schema":{"@context":"https:\/\/schema.org","@graph":[{"@type":"WebPage","@id":"https:\/\/skulldesign.com.br\/finaestampa\/produto\/blusa-de-malha-manga-longa-varias-cores\/","url":"https:\/\/skulldesign.com.br\/finaestampa\/produto\/blusa-de-malha-manga-longa-varias-cores\/","name":"Blusa de Malha com Manga Longa - V\u00e1rias Cores - Fina Estampa","isPartOf":{"@id":"https:\/\/skulldesign.com.br\/finaestampa\/#website"},"datePublished":"2023-05-15T22:00:00+00:00","dateModified":"2023-05-16T15:35:36+00:00","breadcrumb":{"@id":"https:\/\/skulldesign.com.br\/finaestampa\/produto\/blusa-de-malha-manga-longa-varias-cores\/#breadcrumb"},"inLanguage":"pt-BR","potentialAction":[{"@type":"ReadAction","target":["https:\/\/skulldesign.com.br\/finaestampa\/produto\/blusa-de-malha-manga-longa-varias-cores\/"]}]},{"@type":"BreadcrumbList","@id":"https:\/\/skulldesign.com.br\/finaestampa\/produto\/blusa-de-malha-manga-longa-varias-cores\/#breadcrumb","itemListElement":[{"@type":"ListItem","position":1,"name":"In\u00edcio","item":"https:\/\/skulldesign.com.br\/finaestampa\/"},{"@type":"ListItem","position":2,"name":"Loja","item":"https:\/\/skulldesign.com.br\/finaestampa\/loja\/"},{"@type":"ListItem","position":3,"name":"Blusa de Malha com Manga Longa &#8211; V\u00e1rias Cores"}]},{"@type":"WebSite","@id":"https:\/\/skulldesign.com.br\/finaestampa\/#website","url":"https:\/\/skulldesign.com.br\/finaestampa\/","name":"Fina Estampa","description":"Fina Estampa Fashion - Descubra a moda que define seu estilo. Encontre roupas elegantes e contempor\u00e2neas, perfeitas para mulheres que apreciam qualidade, conforto e tend\u00eancias atuais. Navegue por nossa ampla sele\u00e7\u00e3o de pe\u00e7as exclusivas e adicione um toque de sofistica\u00e7\u00e3o ao seu guarda-roupa. Seja \u00fanica, seja elegante com Fina Estampa.","publisher":{"@id":"https:\/\/skulldesign.com.br\/finaestampa\/#organization"},"potentialAction":[{"@type":"SearchAction","target":{"@type":"EntryPoint","urlTemplate":"https:\/\/skulldesign.com.br\/finaestampa\/?s={search_term_string}"},"query-input":"required name=search_term_string"}],"inLanguage":"pt-BR"},{"@type":"Organization","@id":"https:\/\/skulldesign.com.br\/finaestampa\/#organization","name":"Fina Estampa","url":"https:\/\/skulldesign.com.br\/finaestampa\/","logo":{"@type":"ImageObject","inLanguage":"pt-BR","@id":"https:\/\/skulldesign.com.br\/finaestampa\/#\/schema\/logo\/image\/","url":"https:\/\/skulldesign.com.br\/finaestampa\/wp-content\/uploads\/2023\/05\/logo_finaestampa.webp","contentUrl":"https:\/\/skulldesign.com.br\/finaestampa\/wp-content\/uploads\/2023\/05\/logo_finaestampa.webp","width":525,"height":171,"caption":"Fina Estampa"},"image":{"@id":"https:\/\/skulldesign.com.br\/finaestampa\/#\/schema\/logo\/image\/"}}]}},"_links":{"self":[{"href":"https:\/\/skulldesign.com.br\/finaestampa\/wp-json\/wp\/v2\/product\/55","targetHints":{"allow":["GET"]}}],"collection":[{"href":"https:\/\/skulldesign.com.br\/finaestampa\/wp-json\/wp\/v2\/product"}],"about":[{"href":"https:\/\/skulldesign.com.br\/finaestampa\/wp-json\/wp\/v2\/types\/product"}],"replies":[{"embeddable":true,"href":"https:\/\/skulldesign.com.br\/finaestampa\/wp-json\/wp\/v2\/comments?post=55"}],"wp:featuredmedia":[{"embeddable":true,"href":"https:\/\/skulldesign.com.br\/finaestampa\/wp-json\/wp\/v2\/media\/78"}],"wp:attachment":[{"href":"https:\/\/skulldesign.com.br\/finaestampa\/wp-json\/wp\/v2\/media?parent=55"}],"wp:term":[{"taxonomy":"product_cat","embeddable":true,"href":"https:\/\/skulldesign.com.br\/finaestampa\/wp-json\/wp\/v2\/product_cat?post=55"},{"taxonomy":"product_tag","embeddable":true,"href":"https:\/\/skulldesign.com.br\/finaestampa\/wp-json\/wp\/v2\/product_tag?post=55"}],"curies":[{"name":"wp","href":"https:\/\/api.w.org\/{rel}","templated":true}]}}